tive of -23*o**7/840 + o**5/120 + o**4/24 + 5*o**3/6 + 4*o. Let m(k) be the second derivative of p(k). Is m(-1) composite?
False
Suppose 5*b - 6*b + 831 = 0. Let c = -190 + b. Is c prime?
True
Suppose -d + 6311 = -1280. Is d prime?
True
Let q(g) = g**3 + 28*g**2 + 19*g + 19. Is q(-15) a composite number?
False
Let f be 1 + (-9)/(-3) + -1. Suppose 0*o - 788 = -2*y + f*o, 4*o = 3*y - 1183. Is y prime?
True
Let k(j) = -216*j - 55. Let w(g) = 324*g + 82. Let p(c) = -7*k(c) - 5*w(c). Is p(-6) prime?
False
Let j = 23 - 18. Suppose 4*c = -s + 197, c = -j*s - c + 1075. Is s prime?
False
Suppose 2*c + 2*c - 1798 = 5*y, -3*y = 4*c - 1814. Let u be (91 - 1705)/(2*-1). Suppose -f + u = -c. Is f a composite number?
False
Let y = -16 - -18. Suppose 3*m = -2*c + 2693, 2*c - 5389 = -y*c - 5*m. Is c a prime number?
False
Let x(g) = 2*g + 4 + 21 - 8. Let c be x(-8). Is 190 - 2 - 3/c composite?
True
Let w(j) = 2*j**2 + 3*j - 7. Let c(q) = -3*q - 12. Let y be c(-9). Let z = 19 - y. Is w(z) composite?
False
Let n be ((-13)/1)/(6 - 7). Suppose 2 = 3*s - n. Suppose s*y = 9 + 96. Is y a composite number?
True
Let b = -33 + 45. Is (-4 - (-8670)/b)*4/6 prime?
True
Suppose -269 - 610 = -3*w. Is w composite?
False
Suppose -69 - 23 = -4*s. Let p(o) = 9*o - 1. Let m be p(1). Let i = s + m. Is i a composite number?
False
Let f be ((-4)/(-3))/((-3)/(-9)). Let g be 144 - (f - (4 + -3)). Suppose -4*c + 5*y = -g, 0 = c + 4*y + y - 54. Is c composite?
True
Suppose 3*x = -4 + 10. Is 4106/(-6)*(-1 - x) a composite number?
False
Let o(j) = 1898*j + 17. Is o(6) prime?
False
Suppose -2*r - 5*l = -2561, 4*r + 3*l - 3880 = 1235. Suppose 0 = -5*g + r + 1637. Is g a prime number?
False
Suppose -3*y + 28468 = q - 2*y, -2*q - 4*y = -56946. Is q a prime number?
True
Let t = 4641 - -9410. Is t a prime number?
True
Let d(b) = 1201*b + 88. Is d(3) composite?
False
Let l(b) = b**2 + 7*b - 4. Let i be l(-8). Let y(h) = -3*h - 13. Let s be y(-5). Suppose -i*u + 4*w + 1392 = 0, -s*w - 1760 = -5*u - w. Is u composite?
False
Let p = -10 + 11. Suppose -r - 6 = p. Is -5 - r - -3*19 prime?
True
Let l(n) = 3*n**3 - 6*n**2 - 7*n. Let y be l(5). Suppose -2*q + 2*g = y, 3*q + 287 = 2*g - g. Let h = q + 209. Is h prime?
True
Let d(t) = 1555*t**2 + 7*t + 6. Let n(u) = 1556*u**2 + 6*u + 5. Let k(g) = -6*d(g) + 7*n(g). Is k(1) a composite number?
True
Let f be (-10)/3*(-12)/8. Suppose f*m = 6 + 4. Suppose m*q - 3084 = -4*q. Is q a composite number?
True
Let p = -69 - -74. Let l(i) = 504*i - 53. Is l(p) a composite number?
False
Suppose -355*f + 27013 = -338*f. Is f composite?
True
Let t(r) = 10*r**2 - 5*r + 5. Suppose -24 + 144 = 10*z. Is t(z) prime?
False
Let o = -6917 - -10259. Suppose -2*a = -4*l + o, 4*a + 3*l + 8394 = -a. Is (-4)/16 + a/(-4) composite?
False
Suppose -4*g - 10 + 18 = 0. Suppose -504 - 8 = -g*r. Suppose 0 = 3*t - 913 + r. Is t a prime number?
False
Let b = 753 + -360. Suppose -z + b = 2*r, 5*r - 1181 = -4*z + z. Is z composite?
False
Let r(n) = 136*n**2 + 6*n + 3. Is r(5) prime?
True
Suppose 5*g = -2*g + 1827. Let k = -128 + g. Is k prime?
False
Let u(k) = -4*k**2 - k. Let g be u(4). Let z = 561 + g. Is z composite?
True
Let i be (3838*(-6)/24)/(2/4). Let k = i + 2806. Is k prime?
True
Is (-15 + 5 + -4)*29482/(-4) composite?
True
Let q(p) be the third derivative of -35*p**4/12 - 5*p**3/6 - 10*p**2. Is q(-6) a composite number?
True
Let u be (-1 - 31) + 4/1. Is (-8)/u - (-11938)/14 composite?
False
Let w(z) = 1592*z**2 - 13*z - 71. Is w(-4) a composite number?
False
Suppose -2*r + 1010 = -2232. Is r a composite number?
False
Let a = -77 - -77. Suppose a = 3*j - 10*j + 259. Is j a prime number?
True
Let u(s) = 263*s**2 + 12*s + 33. Is u(-4) a composite number?
True
Suppose -2*x + o = -9539, 3*x - 9224 - 5084 = o. Is x prime?
False
Suppose 3*j = 8 + 4. Suppose x = -4*l - x + j, 0 = -l + 5*x + 1. Is (-5 - -2)*l - -180 a prime number?
False
Suppose -d = -z + 4 - 0, 4*z - 16 = -5*d. Suppose -z*c + 5*c - 9 = 0. Suppose 0 = 3*n + 4*r - 45, c*r - 80 = -5*n + 4*r. Is n prime?
True
Suppose 2*w = 4*w - 4*b - 10, -5*b + 19 = 2*w. Is (w + 580)*1/1 a prime number?
True
Let q(k) = 85*k**2 + 27*k - 17. Is q(6) composite?
True
Let z(d) = -24*d + 7. Suppose 2*u + 0 = -2. Let j(w) = -6*w**2 - w. Let q be j(u). Is z(q) a prime number?
True
Let d(b) = 125*b**3 - 4*b**2 - 1. Let j = 2 - 0. Is d(j) a prime number?
True
Suppose 4*x = 3*y - 1789, -2*y = -x - 430 - 761. Let q = 91 - y. Let r = -293 - q. Is r prime?
True
Let f = 92 - 153. Let u = -105 + f. Is (-3)/6*u + -1 a prime number?
False
Suppose 2*l - 44854 = 2*v, -17*v - 44862 = -2*l - 13*v. Is l prime?
False
Let k(y) = -497*y - 30. Is k(-17) a composite number?
False
Let k(z) = -8*z**3 - 5*z**2 + 4*z + 6. Is k(-4) composite?
True
Let x = -10 - -8. Let a be 0 - (x + -1 + 0). Suppose -h - 596 = -3*w, 2 = 5*h - a*h. Is w composite?
False
Suppose 0 = -4*j + 8605 + 1675. Suppose 5*v = r + j, -4*r - 3*v = -8*v + 10295. Let h = r + 3716. Is h a prime number?
False
Let s(k) = -k**2 + 2*k + 5047. Let z be s(0). Suppose -1779 + z = 4*i. Is i composite?
True
Is ((-70728)/(-6) - 5)/(4 + -3) prime?
True
Suppose 5*v - 4*b = -0*v - 806, v = -3*b - 165. Let i = v - -353. Is i prime?
True
Let v be (-2)/(-3) + (-300)/45. Let p(h) be the third derivative of h**5/15 - 3*h**4/8 - 11*h**3/6 - h**2. Is p(v) prime?
False
Let n = 26 + -26. Suppose p - 2*p + 3 = n. Is (598/p)/((-12)/(-18)) a prime number?
False
Let r(b) be the third derivative of 8*b**5/5 - b**4/24 + 11*b**2. Is r(1) a prime number?
False
Suppose -4*i + 6*i - 247 = -w, 0 = i + 5. Suppose -2*k = -3 - 1. Is ((-4 - -1) + w)/k composite?
False
Suppose -4*g + 3*h = -995, 1236 = 5*g + h + 3*h. Let o = -145 + g. Is o prime?
True
Suppose 11*v = -6*v + 77401. Is v a composite number?
True
Let i = -28352 - -52585. Is i composite?
True
Suppose -39 = -4*z + 61. Let u = 27 - z. Suppose 0 = u*v + 4*o - 358, v + 2*o - o - 182 = 0. Is v a composite number?
True
Let r = 13 - 15. Let i = r + 4. Suppose 0 = 5*h - 10, 4*v - i*h - 136 = 48. Is v a composite number?
False
Suppose 6*z - 8334 = 5052. Is 10 + -7 + (-1)/((-1)/z) composite?
True
Suppose -5*q = -65544 - 18811. Is q prime?
True
Suppose 26 = 5*y + 6. Suppose -y*u + 5439 = 1931. Is u a prime number?
True
Let b = 38 - 30. Let i(l) be the first derivative of 7*l**2/2 - 3*l + 1. Is i(b) a composite number?
False
Let z = -11453 + 29274. Is z a prime number?
False
Let i = 163 - 160. Suppose -3*p = 3*n - 8*p - 1236, -i*n - 3*p = -1212. Is n a prime number?
False
Let p = -4540 + 6375. Is p prime?
False
Let f = -2 - -14. Let k(x) = -x**3 + 14*x**2 + 2*x - 5. Is k(f) prime?
True
Let o be (-2)/5 + (-27)/(-5). Suppose 44 = o*x - 6. Is 2/x + (-1284)/(-30) a prime number?
True
Is -8 + 21449 + (1 - -7) a composite number?
True
Let z = -16 + 18. Suppose -q + 0*q + z = 0. Suppose 422 = -q*p + 4*p. Is p prime?
True
Let s = 15 + -11. Suppose -4*h - 4 - 76 = -s*l, -4*l - 3*h + 52 = 0. Is ((-88)/l)/(2/(-4)) a prime number?
True
Suppose j = -2*j, -3*j + 26 = -2*g. Let n(q) = -q**3 - 11*q**2 + 7*q + 4 + 10*q + 0*q**3. Is n(g) composite?
True
Suppose 4*f + 4*d - 8 = 0, 4*f + 5*d + 0*d = 3. Suppose f*y - 762 = 1275. Is y composite?
True
Let t(q) = 4*q - 3*q + 0*q - 3*q - q**3 - 8 - 2*q**2. Is t(-7) composite?
False
Suppose 3*m - 726 = 240. Let z = -237 + 64. Let u = m + z. Is u a composite number?
False
Suppose -4*a = -3*s + 9, -3*a = -s + a + 3. Suppose 3*n + 2*n = 2*i + 17, -1 = s*n - 4*i. Suppose -2*z = -5*p + 465, 16 + 9 = n*z. Is p a prime number?
False
Suppose 0 = 4*g - 9*g + 7505. Is g a composite number?
True
Let d be 4 - 3 - 4/(-2). Suppose 0 = -d*o + o. Is 83 + (o - 0/(-4)) composite?
False
Let a be 3 - (0 - -4 - 54). Suppose 5*i + a = 8. Let d(g) = -g**3 - 7*g**2 + 9*g - 12. Is d(i) prime?
False
Let t(h) = -316*h - 24. Let q be t(-3). Suppose 0 = -5*b - n + 26, -b - n = -0*n - 2. Is (3/6)/(b/q) a composite number?
True
Let f(w) = 2*w - 12. Let g be f(6). Suppose j + 100 + 229 = g. Let r = j - -598. Is r prime?
True
Suppose 6*a - 8*a - 1562 = 0. Let s = 1328 + a. Is s prime?
True
Suppose -3*x = 4*w - 11, 4*x = 6*x - 2. Let b = 1 - 4. Is (-8508)/(-36) - w/b prime?
False
Let q(s) = s - 6. Let r be q(-10). Let p(y) = -11*y - 19. Is p(r) prime?
True
Suppose 0*t - 2*t + 25978 = 5*n, n = -5*t + 5